. Let q be (1 - (c - 46)) + -2. Is (-3)/(-12) - q/(-4) a multiple of 3?
True
Let w be 1188/(-6)*3/(-6). Suppose -x - 5*z + 56 = 0, 5*x - 100 = 2*z + w. Is x a multiple of 6?
False
Is (0 - 2556/16)/(14/(-56)) a multiple of 3?
True
Suppose 5*s + 152 = 3*x, 9*x + 92 = -4*s + 4*x. Let q(y) = -15*y - 3. Let z be q(-5). Let u = z + s. Does 11 divide u?
True
Let i = 16 + -17. Let k = 6 - i. Does 7 divide k?
True
Let n(z) be the third derivative of -z**6/120 - 7*z**5/60 - z**4/24 + 5*z**3/6 - 2*z**2. Let k be n(-5). Let j = k - -67. Does 12 divide j?
False
Let z(y) = -27*y + 54. Does 8 divide z(-6)?
True
Suppose -8*c = -7*c - 15. Suppose -u = 4*u - c. Suppose -2*n + 121 = 2*r + u*n, 2*r - 116 = -4*n. Is 16 a factor of r?
True
Let y(d) = -2*d + 17. Let l be y(12). Let z(i) = -i**3 - 7*i**2 - i - 9. Let p be z(l). Does 22 divide (70/15)/(p/(-36))?
False
Let o = -64 - -343. Is 43 a factor of o?
False
Let r = -10 - 12. Let m = r + 26. Suppose -m*x + 0*x + 3*l = -378, 4*x + 5*l = 362. Is 15 a factor of x?
False
Suppose -6*s = 5*s + 286. Let h(u) = -11*u - 88. Is 10 a factor of h(s)?
False
Let i be (-4 - -10)*1/2. Let b be (i - -73)*2/(-4). Let g = 72 + b. Does 14 divide g?
False
Let t(r) be the first derivative of r**4/4 + 14*r**3/3 + 11*r**2/2 - 16. Does 13 divide t(-13)?
True
Let i(w) = 2 - 3*w - 2 + 11. Is i(-5) a multiple of 26?
True
Let n(u) = 9*u + u**2 - 33*u - 11 + 16*u. Is n(12) a multiple of 23?
False
Suppose -5*o = -109 - 126. Suppose -c - 33 = -o. Is c a multiple of 2?
True
Suppose x - 6*x = -4*r + 17, -4*r = 2*x + 18. Suppose 35 - 32 = -3*t. Does 3 divide t/r*20/2?
False
Let t(i) = i**2 - 2*i + 4. Suppose 2 = 5*k - 73. Suppose -k = -2*w - w. Does 7 divide t(w)?
False
Is 2 a factor of ((-6)/(-9))/(20/930)?
False
Let v(o) = -2*o**3 - 9*o**2 - 7*o. Let t be v(-8). Suppose 2*q - t = -7*q. Is 14 a factor of q?
True
Let i be 31 - (-1)/(-2)*6. Suppose 0 = -n + 5*u - 1 + 11, 5*n - 3*u = i. Suppose -n*j = -5*r + 25, -3*j - 2*j = 5. Is 2 a factor of r?
True
Suppose -2*c - 3 + 7 = 0. Is 2 a factor of -4 + (-7)/(c/(-2))?
False
Let h be (-2 - (0 + 2)) + -23. Let d be 2/(-9) - 6/h. Suppose 4*q - 255 = 5*f, d*f - 4*f - 260 = -4*q. Does 10 divide q?
True
Let j(a) = -4*a**2 - 11. Let y be j(-9). Let f = 487 + y. Does 26 divide f?
False
Let d(b) = b**3 + 4*b**2 + b - 1. Let z be d(-3). Let r be (-2)/z + 78/(-30). Is (r - (-63)/(-6))*-2 a multiple of 9?
True
Suppose 2*s - 324 = -0*s. Let z = s + -24. Suppose 0 = -m + 3*k - 2*k + 71, 0 = -2*m + 3*k + z. Is 22 a factor of m?
False
Let o be (-1 - 9)*15/(-25). Suppose -s = o*s - 1330. Is s a multiple of 13?
False
Let p(a) = -3*a**2 + 4. Let t be p(3). Let d = t - -95. Suppose d = 8*b - 6*b. Does 12 divide b?
True
Let b = 17 - 15. Let j be -5 - (b/(-1) - 1). Let i(p) = -8*p - 1. Does 5 divide i(j)?
True
Let h(t) = t**3 - 11*t**2 - 5*t - 10. Suppose 0 = -6*z + z + 60. Is h(z) a multiple of 12?
False
Suppose -4*v - 5*w + 1149 = 0, -4*v + 7*v - 857 = w. Is 22 a factor of v?
True
Let c(s) = s**2 + 3*s - 12. Let p be c(-5). Let v = 12 + p. Let r = v - 5. Does 5 divide r?
True
Suppose -4*v - 3*q + 57 = 0, -6*v + 3*v + 5*q = -50. Suppose -2*c + 5*h - 1 = -5*c, c - 2*h - v = 0. Is 2 a factor of c?
False
Suppose -10*p + 4898 + 2372 = 0. Does 13 divide p?
False
Let n = -71 + 126. Is 11 a factor of n?
True
Let u(r) = r**2 + 10*r - 6. Let o be (-22)/8*(1 + 3). Let d be u(o). Suppose 0 = d*z - 253 + 83. Is z a multiple of 17?
True
Let x(u) = -u**2 - 13*u - 17. Is x(-8) a multiple of 11?
False
Suppose 3*y = -2*i + 286, -7*y + 5*y = -4*i - 196. Let a be (2/(-4))/(12/y). Is 70/(4*(-1)/a) a multiple of 26?
False
Let k(o) = -11*o - 5. Suppose -v - 5 = 4*v. Is k(v) a multiple of 3?
True
Suppose -12 - 118 = -5*a. Let g be (-4)/(-18) + -2 + 64/36. Suppose g = z - a - 29. Does 11 divide z?
True
Let y(k) = -30*k - 1. Let n be (-14)/21 - (-1)/(-3). Let c be y(n). Suppose -c - 29 = -2*p. Does 12 divide p?
False
Suppose 2*d + 1430 = -3*f, 2*d = 4*d - 10. Let n be f/(-35) + 2/7. Let z = -5 + n. Does 9 divide z?
True
Let m(r) = -r**3 + 2*r**2 - 3*r + 50. Let h(g) = 2*g**3 - 5*g**2 + 7*g - 100. Let n(t) = 2*h(t) + 5*m(t). Is n(0) a multiple of 15?
False
Suppose 0*l - 21*l = -4410. Is 19 a factor of l?
False
Suppose 4*c + 0*c - 3*r = 42, -2*c = 3*r - 12. Let v = 29 - c. Is v a multiple of 4?
True
Is 18 a factor of (2607/(-99))/(2/(-6))?
False
Let q(p) = -2*p + 35. Does 2 divide q(-4)?
False
Suppose -2*o - 37 = 2*a - 3*o, 0 = 5*a - o + 85. Does 6 divide (a + 7)*(-4)/3?
True
Let g = -7 - -99. Suppose -i + 15 = -37. Let k = g - i. Is k a multiple of 8?
True
Suppose -4*t + 52 = 32. Suppose d + 4*d = 5*g + 2380, 2*g + 2392 = t*d. Suppose 0*j + 4*j - d = -3*i, 3*j - i - 360 = 0. Is j a multiple of 20?
True
Let b = -102 + 314. Is 20 a factor of b?
False
Let u(w) = w**2 + 3*w + 32. Is 15 a factor of u(-11)?
True
Suppose 2*f - 2752 = -2*l, 6*l - 5*f = l + 6910. Is 7 a factor of l?
True
Let i(w) = -w**2 - 3*w. Let r be i(-2). Let h be (62 - 64)*(-2 + 1 + -7). Suppose 3*y - 85 = r*f, -3*f + 1 = h. Is y a multiple of 25?
True
Suppose 3*h = 4*o - 791, 10*h = -3*o + 9*h + 603. Is 5 a factor of o?
True
Let u(a) = -4*a + a + 2*a**2 + 9 - 3*a**2. Let i be u(-4). Suppose 3*d = i*t - 272, -t - t - 2*d = -112. Is t a multiple of 19?
False
Let y be (-103)/(-15) - 16/(-120). Let k(q) = q**2 - 5*q - 2. Is 3 a factor of k(y)?
True
Let p(s) = 7*s**2 - 3*s**2 + 5 - 6. Let r be p(1). Suppose -2*i + 180 = r*i. Is 18 a factor of i?
True
Suppose 3*j - 10 + 4 = 0. Suppose -t = j*t - 252. Is 19 a factor of 0 + 0 + -11 + t?
False
Let c = -1664 + 2692. Is 18 a factor of c?
False
Suppose 2551 = 4*k + 783. Is 26 a factor of k?
True
Suppose -4*z + 4*s + s + 1517 = 0, 2 = -2*s. Is z a multiple of 39?
False
Let t be (-5)/((-6)/(-4)*(-14)/21). Suppose -4*w + 31 = 3*z, t*z + 3*w - 59 = -0*w. Is z a multiple of 10?
False
Suppose -k = 3*d - 2*d - 7, -k + 4*d - 8 = 0. Suppose -20 = k*s - 4. Is 8 a factor of (-3 + (-1 - 0))*s?
True
Suppose 5*a - 44 = -2*o - 0, -o = 2*a - 21. Let g = 16 + o. Is 4 a factor of g?
False
Suppose -4*k + 658 = 2*l - 236, -25 = 5*l. Suppose 0*i + 2*i - 4*m = k, 3*m = -9. Does 27 divide i?
False
Suppose 5*x = -16 - 14. Let g(c) = c**3 - 10*c**2 - 14*c + 4. Let m be g(10). Is 10 a factor of ((-15)/(-10))/(x/m)?
False
Let w = 3 - 7. Is 4 a factor of w/16 - (-138)/8?
False
Let m = 64 - 97. Let j = 123 - m. Let g = 223 - j. Does 14 divide g?
False
Suppose -2*f + 5*w = -5, 5*f - 5*w - 3 = -2*w. Suppose -j + 14 + 11 = f. Suppose 0 = b - 12 - j. Does 12 divide b?
False
Let u = 282 - 245. Is u a multiple of 8?
False
Suppose -5*r - 21 = -c, 0 = -9*r + 4*r + 2*c - 17. Let l(w) = -w**3 - w**2 - 7*w - 9. Is 9 a factor of l(r)?
True
Suppose 0 = 5*q - o - 11504, -10*o + 8*o = -5*q + 11503. Is q a multiple of 19?
False
Suppose 4*g - 4*j + 2*j - 1260 = 0, -1569 = -5*g + j. Is g a multiple of 5?
False
Suppose 5*x + 2*q - 3472 = 0, 6*q = -x + q + 676. Is x a multiple of 29?
True
Let j(c) = -32*c - 5. Let z = 8 + -9. Does 9 divide j(z)?
True
Let r(h) be the first derivative of -h**4/4 - 2*h**3 - 4*h**2 - h - 25. Does 47 divide r(-6)?
True
Let y(k) = -k**3 - 5*k**2 - k - 5. Let i be y(-5). Suppose i = 3*a - 4*a + 19. Does 8 divide a?
False
Suppose -h = -3*h - 4, 3*j = -4*h - 143. Let z = j - -75. Is z a multiple of 30?
True
Let w(h) = -h**3 - 18*h**2 + 20*h - 5. Let t be w(-19). Let p be 2/(-4) + (-11628)/t. Suppose 4*d - 2*f = p, -2*d + 258 = 3*f - 0*f. Is d a multiple of 27?
False
Let m(w) = -w**3 + 2*w**2 + 2*w + 3. Let o be m(3). Suppose o*y - 29 = -2*n + 3*y, 0 = -n - 5*y + 47. Does 22 divide n?
True
Let c(q) = q**3 - 2*q**2 + 4*q - 3. Let a = -2 + 7. Is c(a) a multiple of 23?
True
Let n be (1 - 1)/(-7 + 8). Suppose 3*v + 3*v + 102 = n. Let a = v + 42. Is a a multiple of 25?
True
Suppose 4*k - 5*m - 172 = -2*m, m = 2*k - 84. Suppose -d + 4*b = -31, 0*b - 5*b + k = d. Does 9 divide d?
False
Does 14 divide 60 + 2/(-14)*0?
False
Let t(z) = z**3 + 3*z**2 - 6*z + 6. Let u(i) = -4*i**3 - 10*i**2 + 19*i - 18. Let s(q) = -7*t(q) - 2*u(q). Is 12 a factor of s(3)?
True
Suppose -9*q + 25 = -4*q, 4*m - 3*q = 33. Suppose 3*x + 189 = m*x. Is 21 a factor of x?
True
Suppose 8*o = -5*o + 1963. Let c = -86 + o. Does 5 divide c?
True
Suppose -60*x + 427 = -53*x. Is x a multiple of 8?
False
Supp